lculate the greatest common factor of 84 and 486318.
42
What is the highest common divisor of 2 and 53958?
2
What is the highest common divisor of 382771 and 899?
29
What is the greatest common factor of 13055 and 245?
35
What is the highest common factor of 438 and 597140?
146
What is the highest common divisor of 2424 and 120?
24
Calculate the highest common divisor of 17065 and 65.
5
Calculate the greatest common factor of 558 and 365614.
62
What is the greatest common divisor of 4544 and 497?
71
Calculate the highest common divisor of 342 and 7149966.
114
Calculate the greatest common divisor of 7259 and 488.
61
What is the greatest common divisor of 72 and 63396?
36
What is the highest common divisor of 12688 and 7280?
208
What is the highest common divisor of 4278 and 27218?
62
Calculate the highest common divisor of 114 and 131366.
38
What is the greatest common factor of 840695 and 831?
277
What is the highest common factor of 289 and 2722091?
289
Calculate the greatest common factor of 378 and 4746.
42
Calculate the highest common factor of 501436 and 364.
52
What is the greatest common factor of 45011 and 589?
19
What is the greatest common divisor of 196441 and 931?
931
Calculate the greatest common divisor of 932427 and 331.
331
What is the greatest common factor of 387640 and 1012?
44
Calculate the greatest common divisor of 57 and 1100613.
57
What is the greatest common factor of 22057 and 2737?
161
Calculate the highest common factor of 78 and 3939.
39
Calculate the highest common divisor of 2068 and 37246.
22
Calculate the highest common divisor of 567 and 22596.
21
What is the greatest common factor of 1140 and 19038?
114
What is the highest common factor of 105644 and 9548?
308
What is the greatest common divisor of 34245 and 90?
45
What is the highest common factor of 958 and 46?
2
What is the highest common divisor of 6896 and 96?
16
What is the greatest common divisor of 15529 and 96983?
293
What is the highest common divisor of 16513 and 59649?
337
Calculate the greatest common divisor of 123749 and 201.
67
Calculate the highest common factor of 3757 and 34476.
221
Calculate the highest common divisor of 18 and 3123864.
18
What is the greatest common factor of 230342 and 154?
14
What is the greatest common divisor of 1062512 and 200?
8
Calculate the highest common factor of 154 and 509410.
22
What is the highest common factor of 40 and 1160?
40
Calculate the highest common divisor of 638514 and 2166.
114
Calculate the greatest common divisor of 20 and 277556.
4
What is the highest common factor of 6634 and 29318?
214
What is the greatest common divisor of 495 and 23895?
45
Calculate the highest common divisor of 51777 and 648.
9
Calculate the greatest common divisor of 42 and 1122.
6
What is the highest common divisor of 36174 and 34?
2
What is the highest common factor of 79194 and 804?
402
What is the greatest common factor of 348 and 4292?
116
What is the greatest common divisor of 100 and 41840?
20
What is the greatest common divisor of 453 and 521403?
453
Calculate the greatest common factor of 12136 and 10952.
296
What is the highest common factor of 106821 and 429?
429
What is the highest common divisor of 125 and 3461375?
125
What is the greatest common factor of 461463 and 6369?
579
Calculate the greatest common divisor of 77586 and 1005.
201
What is the highest common factor of 4 and 223222?
2
Calculate the highest common factor of 793514 and 246.
82
Calculate the greatest common divisor of 47175 and 680.
85
Calculate the greatest common divisor of 378 and 448434.
126
What is the greatest common divisor of 9135 and 3780?
315
Calculate the greatest common divisor of 5447 and 1676.
419
Calculate the highest common factor of 21675 and 375.
75
Calculate the greatest common factor of 100380 and 168.
84
What is the greatest common divisor of 260 and 3935?
5
What is the highest common divisor of 133250 and 2624?
82
Calculate the greatest common factor of 4840 and 33704.
88
What is the highest common divisor of 19765 and 1005?
335
What is the greatest common factor of 2294698 and 2562?
854
What is the highest common divisor of 32 and 21376?
32
Calculate the greatest common divisor of 160 and 8088160.
160
Calculate the greatest common factor of 125032 and 8.
8
What is the greatest common factor of 15397 and 712?
89
Calculate the highest common divisor of 1482 and 3276.
78
Calculate the greatest common divisor of 65 and 6536439.
13
Calculate the greatest common factor of 120 and 77808.
24
Calculate the highest common factor of 5247 and 13563.
99
Calculate the greatest common divisor of 28168754 and 19.
19
Calculate the greatest common divisor of 17140 and 80.
20
What is the greatest common divisor of 31 and 797940?
31
Calculate the greatest common factor of 3034 and 3922.
74
What is the highest common factor of 50 and 832925?
25
Calculate the highest common divisor of 284050 and 38.
38
Calculate the highest common divisor of 5813208 and 216.
216
What is the highest common divisor of 157635 and 135?
45
Calculate the greatest common factor of 2247 and 16086.
21
What is the highest common factor of 2768115 and 205?
205
What is the greatest common factor of 402 and 1523781?
201
What is the highest common factor of 45846 and 5377?
283
Calculate the highest common divisor of 1575 and 437535.
315
Calculate the greatest common factor of 1058 and 506.
46
What is the greatest common factor of 814112 and 40?
8
Calculate the greatest common factor of 119 and 429964.
17
Calculate the highest common factor of 38322 and 30.
6
What is the highest common factor of 4788 and 12901?
133
Calculate the highest common divisor of 156 and 2171.
13
What is the greatest common divisor of 10906560 and 448?
448
Calculate the highest common factor of 70584 and 408.
408
Calculate the greatest common divisor of 25300 and 440.
220
What is the greatest common divisor of 134619 and 276?
69
What is the highest common divisor of 242414 and 122?
122
What is the highest common factor of 168 and 18732?
84
What is the highest common divisor of 35 and 13895?
35
Calculate the highest common factor of 9603 and 1683.
99
What is the highest common divisor of 494622 and 18?
18
What is the greatest common divisor of 1045 and 6688?
209
What is the highest common divisor of 12085 and 4?
1
What is the highest common factor of 7200 and 803200?
800
What is the highest common factor of 629028 and 346?
346
Calculate the highest common divisor of 24 and 20172.
12
Calculate the greatest common divisor of 2275 and 533.
13
Calculate the highest common divisor of 2595 and 750993.
519
Calculate the highest common divisor of 2800 and 909200.
400
What is the highest common factor of 1690907 and 311?
311
What is the highest common factor of 8809 and 483?
23
Calculate the greatest common factor of 568113 and 78.
39
Calculate the highest common factor of 266 and 57076.
38
What is the greatest common divisor of 705 and 231240?
705
What is the highest common factor of 1890 and 15237?
9
What is the highest common factor of 34920 and 252?
36
Calculate the highest common divisor of 18027 and 1161.
9
What is the highest common factor of 30412 and 36?
4
Calculate the highest common factor of 12193392 and 53.
53
What is the greatest common factor of 168723 and 972?
81
What is the highest common divisor of 87 and 404289?
87
Calculate the greatest common factor of 19744 and 332563.
617
What is the greatest common divisor of 43 and 615330?
43
Calculate the greatest common divisor of 52 and 252811.
13
Calculate the highest common divisor of 2619 and 189.
27
What is the greatest common divisor of 12 and 672608?
4
Calculate the highest common divisor of 268 and 6834.
134
What is the highest common factor of 87552 and 42?
6
What is the greatest common factor of 212330 and 20?
10
Calculate the highest common divisor of 180587 and 33.
11
Calculate the highest common divisor of 864 and 23136.
96
Calculate the greatest common divisor of 211267 and 42.
7
What is the greatest common divisor of 1546007 and 303?
101
What is the greatest common divisor of 520 and 105300?
260
Calculate the greatest common factor of 9409 and 1.
1
What is the greatest common divisor of 1496687 and 185?
37
Calculate the great